
In base 9, what is -82 - -2651?
2558
In base 10, what is -1081 + 816?
-265
In base 11, what is -246 - -91?
-165
In base 12, what is -1 - -20809b?
20809a
In base 13, what is -3b358 + b?
-3b34a
In base 10, what is 44315 - 3?
44312
In base 3, what is 2101 - -112201?
122002
In base 12, what is -1a + 115?
b7
In base 8, what is -364 - -404?
20
In base 11, what is 8309 + 38?
8346
In base 7, what is 50 - 14665?
-14615
In base 12, what is 470455 + -3?
470452
In base 11, what is a5 - 1002?
-a08
In base 6, what is -151034 - -1?
-151033
In base 13, what is -c967 + 3?
-c964
In base 4, what is -11222223 - -301?
-11221322
In base 5, what is 431 + 2333002?
2333433
In base 3, what is -221111022011 + 12?
-221111021222
In base 14, what is 332 + -36?
2da
In base 15, what is 16 - 9e24?
-9e0d
In base 14, what is -42 - 39db?
-3a3d
In base 10, what is 3503 + -58?
3445
In base 7, what is -3 - 2124501?
-2124504
In base 15, what is -20a - -1215?
100a
In base 13, what is 3c468 + -3?
3c465
In base 4, what is 223313 - -10?
223323
In base 4, what is 133333 + 23?
200022
In base 2, what is -1011101001010001 - 10?
-1011101001010011
In base 8, what is 620165 - -1?
620166
In base 3, what is -2 - -122122101?
122122022
In base 14, what is -db7 + -17?
-dd0
In base 5, what is -4 - -33432?
33423
In base 4, what is 2 + 100130203?
100130211
In base 14, what is 299349 + 4?
29934d
In base 2, what is 100 + -10000100010111110000?
-10000100010111101100
In base 9, what is -11183 + -81?
-11274
In base 14, what is 749 + -d?
73a
In base 14, what is 783 + 88?
82b
In base 4, what is 112 - 1031323?
-1031211
In base 6, what is -200 + 430?
230
In base 10, what is 5872 - -5?
5877
In base 7, what is -3 + 304306?
304303
In base 8, what is -125 - 22723?
-23050
In base 6, what is -1101554 - 3?
-1102001
In base 4, what is -3031002323 + -3?
-3031002332
In base 5, what is -2314324 - 0?
-2314324
In base 8, what is -4414 + -4?
-4420
In base 8, what is -5504 + -120?
-5624
In base 15, what is -b + ab27?
ab1b
In base 5, what is 2311 - -423?
3234
In base 10, what is 461 - 61?
400
In base 6, what is -215 - -1053?
434
In base 14, what is 3 - -1047c?
10481
In base 4, what is -10003 + -10111?
-20120
In base 16, what is 1c2 + -7d0?
-60e
In base 10, what is -4 + -66791?
-66795
In base 6, what is -13 + 403345?
403332
In base 15, what is 1b1 - 21?
190
In base 14, what is -3dc062 - -2?
-3dc060
In base 10, what is 135300 - 3?
135297
In base 9, what is -6 - -1015?
1008
In base 5, what is -134234 + -14?
-134303
In base 13, what is 503 - 2?
501
In base 8, what is -75 + 723?
626
In base 8, what is 620 - -7526?
10346
In base 14, what is -139 + 27db?
26a2
In base 16, what is 3 - -e9f9e?
e9fa1
In base 14, what is -16 - 616?
-62c
In base 9, what is -1 - -21103?
21102
In base 13, what is 0 + 44a4?
44a4
In base 4, what is -13 - -33103?
33030
In base 10, what is 3 - -76741?
76744
In base 13, what is -4a - -88ac?
8862
In base 7, what is -2500665 + 2?
-2500663
In base 6, what is 2 + 125440?
125442
In base 13, what is 35c5 - 43?
3582
In base 13, what is 547c - -3?
5482
In base 2, what is 1001101101 - -1010001011000?
1011011000101
In base 7, what is -3 - -33134?
33131
In base 14, what is 470 + -21c9?
-1b59
In base 11, what is 1 - 6372?
-6371
In base 3, what is 1 + 102111121?
102111122
In base 7, what is -1 + -4623440?
-4623441
In base 16, what is 3 - b066?
-b063
In base 9, what is -14 - -83284?
83270
In base 10, what is 1128817 - -5?
1128822
In base 3, what is -11 + -10000101222?
-10000102010
In base 6, what is -4450 - -1021?
-3425
In base 8, what is 201752 - 3?
201747
In base 11, what is -11147 + -81?
-11218
In base 15, what is -842 - -67?
-7ca
In base 3, what is -12 - 210020?
-210102
In base 3, what is 0 + -1111101020?
-1111101020
In base 6, what is 34120 - 102?
34014
In base 9, what is 1350 + 4?
1354
In base 2, what is 1001 + 100000111100?
100001000101
In base 3, what is 102000121211 - -1?
102000121212
In base 4, what is 1210 - -13213?
21023
In base 11, what is 279472 + 0?
279472
In base 2, what is 111100 + 1010110001?
1011101101
In base 7, what is -2 + -413330?
-413332
In base 7, what is -2 + 25344?
25342
In base 7, what is -3202 + -2003?
-5205
In base 15, what is -2a + 4aaa?
4a80
In base 16, what is 2a + -1224?
-11fa
In base 15, what is 0 - 1631?
-1631
In base 11, what is 1 + 6624?
6625
In base 8, what is 5 + -1376376?
-1376371
In base 4, what is -111031 + -113?
-111210
In base 10, what is 0 - 106149?
-106149
In base 15, what is 0 - 7b1a?
-7b1a
In base 16, what is -d49f - -7?
-d498
In base 14, what is 1a80 - 13?
1a6b
In base 8, what is 1737 - -7461?
11420
In base 3, what is -101202 - -20201212?
20100010
In base 6, what is 3 + -2044?
-2041
In base 5, what is -1104040 - 20?
-1104110
In base 6, what is 25 + -4410?
-4341
In base 8, what is -2245577 + 0?
-2245577
In base 12, what is 84 + 461?
525
In base 7, what is 3 + 3164203?
3164206
In base 7, what is -10 + 411555?
411545
In base 5, what is 3 - -3010023?
3010031
In base 15, what is -21d4 + 3?
-21d1
In base 5, what is 342310223 + 0?
342310223
In base 12, what is 3 - -1304a?
13051
In base 13, what is 3 + -185c3?
-185c0
In base 5, what is 1 + -414000?
-413444
In base 10, what is 1336490 - -1?
1336491
In base 16, what is d58a - 0?
d58a
In base 10, what is 72482 - -6?
72488
In base 5, what is 0 + 104413?
104413
In base 3, what is 221012 + -12?
221000
In base 13, what is -9408 - -15?
-93c3
In base 15, what is 55060 - -c?
5506c
In base 12, what is 2146 - -16?
2160
In base 4, what is 10 + 200130?
200200
In base 12, what is b6 - -74?
16a
In base 13, what is 2 - -21b?
220
In base 3, what is 111200002 - 11?
111122221
In base 11, what is -13 + -94aa6?
-95009
In base 5, what is -1 + 10434403?
10434402
In base 11, what is 5 + -a9214a?
-a92145
In base 3, what is 1020121 + -100121?
220000
In base 10, what is -12733 - 6?
-12739
In base 5, what is -4020020030 + 0?
-4020020030
In base 3, what is -11202201 + 11?
-11202120
In base 2, what is 1111 - 1001011000011?
-1001010110100
In base 12, what is 803 + 75?
878
In base 12, what is -46a9 + -106?
-47b3
In base 13, what is 30 + 486?
4b6
In base 4, what is -31 - -20121000?
20120303
In base 12, what is -238 + -211?
-449
In base 8, what is 1 - 21311?
-21310
In base 16, what is 3d + 10e0?
111d
In base 13, what is -3a49b - 17?
-3a4b5
In base 2, what is 1010010 - -11000000111?
11001011001
In base 4, what is 21222 + 1012?
22300
In base 6, what is -1 + 21510533?
21510532
In base 9, what is -325 - -223?
-102
In base 6, what is -1013 - -5?
-1004
In base 6, what is -1222 - -2413?
1151
In base 11, what is -17 - -982?
966
In base 5, what is 120 - 210123?
-210003
In base 10, what is -2 + 36504?
36502
In base 11, what is -1 - -5778?
5777
In base 8, what is -63 - 53136?
-53221
In base 3, what is -102121 - 222?
-110120
In base 13, what is 5c88 - 1?
5c87
In base 8, what is 6024 - 2?
6022
In base 13, what is 80155 - -1?
80156
In base 4, what is 110010 - 3213?
100131
In base 8, what is -5263 + -617?
-6102
In base 9, what is -70642 - -1?
-70641
In base 6, what is -25 - 10323455?
-10323524
In base 2, what is -10 + 100110000101?
100110000011
In base 5, what is -30 + 1003042?
1003012
In base 9, what is -38586 + 1?
-38585
In base 12, what is 3249 - 3?
3246
In base 5, what is 4142011 + 240?
4142301
In base 6, what is -305205140 + -4?
-305205144
In base 6, what is -144 + 25425?
25241
In base 11, what is 1947a - -1?
19480
In base 10, what is 5 + -294?
-289
In base 15, what is -e1 + 515?
424
In base 16, what is 4c + -274?
-228
In base 16, what is -1 + -6ee6?
-6ee7
In base 4, what is -11 - -1312023300?
1312023223
In base 4, what is 1 + 1220102230?
1220102231
In base 3, what is -202 + 11211012?
11210110
In base 5, what is 3140321311 + 0?
3140321311
In base 8, what is -2034 - -36?
-1776
In base 11, what is 241571 - 1?
241570
In base 8, what is 23 - 17431?
-17406
In base 3, what is -122220201 - 2101?
-200000002
In base 14, what is -25 + 4c197?
4c172
In base 11, what is -2a0 - -50?
-250
In base 8, what is -31626 + 11?
-31615
In base 9, what is -60 - 8?
-68
In base 2, what is 1110001 - 100010100111?
-100000110110
In base 6, what is -30403 + 123?
-30240
In base 9, what is 164553 - -2?
164555
In base 6, what is 205215 + 1?
205220
In base 11, what is 1366 + -5?
1361
In base 7, what is 4143